 - 59. Give w(-45).
-14
Let t(k) = -8*k + 171. Determine t(22).
-5
Let b(r) = -r**2 + 106*r - 1709. What is b(86)?
11
Let c(s) = 162*s + 846. Determine c(-6).
-126
Let l(z) = -2*z**3 + 29*z**2 - z - 194. What is l(14)?
-12
Let b(i) = -51*i**3 - i**2 - 9*i + 10. Give b(1).
-51
Let w(i) = 5534*i + 27653. Calculate w(-5).
-17
Let b(c) = 16*c**3 + 3*c**2 - 33*c - 32. What is b(-1)?
-12
Let q(l) = -l**3 - 12*l**2 - 31*l - 119. Give q(-10).
-9
Let d(s) = 52*s**2 - 17*s + 46. Give d(4).
810
Let k(z) = -z**3 + 58*z**2 - 113*z + 62. What is k(56)?
6
Let b(k) = -3986*k + 71746. What is b(18)?
-2
Let v(p) = -3974*p + 47693. Calculate v(12).
5
Let q(y) = 74*y + 937. Give q(-10).
197
Let j(y) = 99*y - 1386. What is j(14)?
0
Let p(x) = x**2 + 2152*x - 12948. Give p(6).
0
Let u(d) = d**2 + 62*d + 633. What is u(-46)?
-103
Let t(u) = u**2 - 268*u - 3034. Give t(-11).
35
Let j(u) = -u**3 + 18*u**2 + u - 518. Determine j(16).
10
Let b(g) = 93*g - 10566. Calculate b(114).
36
Let v(t) = -63*t - 357. Determine v(-5).
-42
Let l(v) = -219*v + 41377. Give l(189).
-14
Let j(i) = -201*i + 24322. Give j(121).
1
Let a(k) = -k**3 - 17*k**2 + 18*k + 68. Calculate a(-18).
68
Let c(x) = -10512*x + 494060. Determine c(47).
-4
Let b(j) = 189*j - 1504. What is b(8)?
8
Let p(z) = -z**3 - 70*z**2 - 61*z + 394. What is p(-69)?
-158
Let n(a) = -4*a**3 + 439*a**2 + 117*a - 530. What is n(110)?
240
Let u(x) = -7141*x - 7130. Give u(-1).
11
Let w(f) = -1292*f - 12920. Give w(-10).
0
Let o(r) = -r**2 + 10*r - 168. Calculate o(12).
-192
Let t(n) = 483*n - 11098. Determine t(23).
11
Let s(y) = 7*y**2 + 36*y - 83. Calculate s(-7).
8
Let g(h) = -h**2 + 17*h - 29. Determine g(4).
23
Let c(r) = 3*r**2 - 7*r - 43. Give c(-6).
107
Let j(g) = -215*g + 1502. Calculate j(7).
-3
Let p(q) = -6*q**2 - 46*q + 1614. Calculate p(13).
2
Let j(a) = -7*a**2 - 15*a + 13. Determine j(4).
-159
Let d(l) = 831*l - 5814. Calculate d(7).
3
Let c(s) = 244*s + 16089. Determine c(-66).
-15
Let r(c) = -c**3 - 79*c**2 - 158*c - 311. What is r(-77)?
-3
Let z(q) = q**2 + 21*q - 104. Determine z(4).
-4
Let i(d) = d**2 - 122*d - 1057. Calculate i(-8).
-17
Let f(v) = 72*v - 761. What is f(10)?
-41
Let x(a) = a**2 + 61*a + 1037. What is x(-41)?
217
Let t(l) = -l**3 + 5*l**2 + 10*l - 108. Calculate t(7).
-136
Let y(g) = g**2 + 671*g + 4640. Give y(-7).
-8
Let t(j) = -11*j + 230. What is t(0)?
230
Let n(a) = -a**3 + 2*a**2 + 19*a + 28. Determine n(6).
-2
Let m(n) = 13*n**2 - 121*n - 85. What is m(10)?
5
Let x(m) = -367*m - 2933. Give x(-8).
3
Let t(i) = 4025*i - 4036. Calculate t(1).
-11
Let s(q) = 10*q - 241. What is s(25)?
9
Let k(n) = -11156*n + 66940. Give k(6).
4
Let k(z) = 8*z**3 - 71*z**2 + 71*z - 732. What is k(9)?
-12
Let k(d) = -d**2 + 132*d - 1102. Determine k(9).
5
Let a(y) = 727*y + 724. Determine a(-1).
-3
Let c(l) = 14*l**2 - 49*l + 166. Give c(3).
145
Let f(a) = -274*a - 1377. Calculate f(-5).
-7
Let t(w) = -3*w**3 - 105*w**2 + 33*w + 1167. What is t(-35)?
12
Let w(s) = 2*s**2 + 593*s + 5805. Calculate w(-10).
75
Let j(q) = -5*q**2 + 144*q - 117. Calculate j(28).
-5
Let f(o) = -2*o**3 + 35*o**2 - 43*o + 444. What is f(17)?
2
Let h(a) = -2*a**3 + 18*a**2 + 31*a - 334. What is h(8)?
42
Let h(d) = -42*d**3 - d**2 + 4*d + 5. Calculate h(2).
-327
Let f(o) = -29*o + 1234. Determine f(36).
190
Let k(i) = -50*i - 214. Give k(-15).
536
Let g(o) = 2290*o + 4617. Determine g(-2).
37
Let k(i) = -252*i**2 - 93*i + 93. Calculate k(1).
-252
Let u(n) = 7*n**2 - 607*n + 470. Determine u(86).
40
Let s(n) = 4*n**2 + 290*n - 186. Give s(-73).
-40
Let i(p) = -5*p**3 + 27*p**2 + 14*p - 16. Give i(6).
-40
Let p(u) = -66*u - 290. Determine p(-5).
40
Let t(q) = 5286*q - 27. Calculate t(0).
-27
Let h(q) = 58*q**2 - 25*q - 23. Determine h(-1).
60
Let z(t) = 135*t + 2045. What is z(-15)?
20
Let i(c) = -7*c**2 + 18. Calculate i(-3).
-45
Let c(o) = o**2 - o - 6249. What is c(80)?
71
Let p(q) = -53*q**2 - 8*q + 9. Determine p(1).
-52
Let c(k) = -154*k**2 - 1128*k - 348. Determine c(-7).
2
Let l(q) = -q**3 - 14*q**2 - 46*q + 26. Give l(-7).
5
Let o(k) = k**2 + 38*k + 249. Give o(-14).
-87
Let m(a) = 7*a - 155. Give m(23).
6
Let f(l) = 5*l**2 - 2*l - 115. Give f(0).
-115
Let k(z) = -67*z - 848. Calculate k(-12).
-44
Let n(u) = 2*u**2 - 13*u - 31. Determine n(-3).
26
Let j(t) = 3*t**2 - 493*t - 2936. Determine j(170).
-46
Let x(a) = -52*a + 193. What is x(3)?
37
Let u(x) = x**3 - 11*x**2 - 29*x + 56. Give u(13).
17
Let j(n) = 2*n**2 - 3*n - 166. Give j(19).
499
Let s(d) = -14*d**3 + 47*d**2 - 3*d + 10. Determine s(4).
-146
Let t(p) = 37*p**2 + 7399*p - 195. Calculate t(-200).
5
Let r(h) = 14*h + 619. What is r(-44)?
3
Let n(o) = o**2 + 14*o - 111. What is n(-25)?
164
Let y(o) = o**3 - 46*o**2 + 304*o - 35. What is y(38)?
-35
Let w(c) = -c**2 - 25*c - 226. Calculate w(-10).
-76
Let z(v) = 30*v**2 + 156*v - 59. Give z(-6).
85
Let c(n) = n**3 - 12*n**2 - 66*n + 29. Calculate c(16).
-3
Let u(q) = -q**3 - 18*q**2 - 20*q - 45. Give u(-17).
6
Let p(g) = 339*g - 11868. Give p(35).
-3
Let h(u) = -23*u + 1122. Calculate h(49).
-5
Let i(h) = 2*h**2 - 3*h + 13. Calculate i(3).
22
Let o(k) = 59*k - 349. Calculate o(5).
-54
Let b(g) = -g**2 - 2388*g - 100832. What is b(-43)?
3
Let l(c) = -71*c**3 + 19*c**2 + 6*c - 14. Calculate l(-1).
70
Let x(i) = 37*i**2 - 55*i + 11. What is x(2)?
49
Let x(i) = -6*i**3 + 4*i**2 + i - 2. Determine x(-1).
7
Let h(c) = -4*c**3 + 18*c**2 - 52. Give h(4).
-20
Let p(d) = 90*d**2 - 1259*d - 20. Determine p(14).
-6
Let b(i) = -4927*i - 9869. Calculate b(-2).
-15
Let w(h) = 5*h**2 + 48*h + 481. What is w(-10)?
501
Let f(n) = 277*n - 16067. Calculate f(58).
-1
Let l(f) = 15*f**2 - 90*f + 217. What is l(3)?
82
Let w(o) = -100*o + 34. Calculate w(4).
-366
Let g(l) = 3*l**3 - 20*l**2 + 5*l + 28. Give g(6).
-14
Let m(x) = x**3 + 8*x**2 + 10*x + 155. What is m(-9)?
-16
Let v(k) = -k**2 - 593*k + 19337. What is v(31)?
-7
Let y(d) = -63*d + 8266. Calculate y(131).
13
Let i(z) = -z**3 + 188*z**2 - 918*z + 5. Determine i(5).
-10
Let f(m) = 35*m + 1285. Give f(-37).
-10
Let x(c) = -11*c**3 - 2*c**2 + 96*c - 272. Give x(3).
-299
Let g(o) = -3*o - 6. What is g(-32)?
90
Let n(x) = 200*x + 19386. Give n(-97).
-14
Let l(j) = j**3 - 8*j**2 - 2*j + 19. Give l(8).
3
Let x(i) = i**3 + 21*i**2 + 5*i - 38. Calculate x(-20).
262
Let i(g) = -g**2 - 18*g + 463. Calculate i(14).
15
Let q(m) = 4*m**2 + 100*m + 25. What is q(-22)?
-239
Let z(c) = 3*c**3 - 419*c**2 + 693*c - 380. Determine z(138).
34
Let w(a) = -a**3 + 67*a**2 + 209*a + 54. Determine w(70).
-16
Let t(g) = -g**2 - 69*g - 1045. What is t(-26)?
73
Let y(x) = -1707*x - 1753. Calculate y(-1).
-46
Let t(o) = 1258*o + 20155. Determine t(-16).
27
Let q(b) = 317*b - 121. Determine q(1).
196
Let d(v) = 517*v + 1295. What is d(-3)?
-256
Let l(o) = 2*o**2 - 361*o + 2130. Give l(6).
36
Let x(i) = -i**3 - 17*i**2 + 28*i + 217. Give x(-18).
37
Let y(c) = 231*c - 1363. Give y(6).
23
Let s(k) = 5*k + 129. What is s(-24)?
9
Let c(m) = 2*m**3 - 66*m**2 - 215*m - 51. Give c(36).
-15
Let f(k) = -10*k - 93. Calculate f(-35).
257
Let s(f) = -26*f + 315. Determine s(11).
29
Let s(n) = -3*n**3 + 19*n**2 - 4*n - 3. What is s(6)?
9
Let j(n) = -79*n - 269. What is j(-13)?
758
Let t(s) = 138*s + 16056. What is t(-117)?
-90
Let c(s) = -3111*s - 553757. Calculate c(-178).
1
Let j(q) = -q**3 - 2*q**2 + 58*q - 11. What is j(7)?
-46
Let a(g) = 462*g + 2776. What is a(-6)?
4
Let r(i) = i**2 - 293*i + 3406. What is r(12)?
34
Let x(d) = 7575*d - 386328. What is x(51)?
-3
Let n(s) = 105*s**2 + 7348*s - 137. Determine n(-70).
3
Let l(t) = 6*t**2 - 336*t - 337. Give l(-1).
5
Let t(z) = -z**2 - 38*z - 36. Give t(-37).
1
Let b(m) = -36*m + 119. Calculate b(5).
-61
Let l(o) = 16*o + 1047. What is l(-65)?
7
Let b(z) = 3*z**2 + 136*z + 97. Determine b(-45).
52
Let u(w) = w**3 + 134*w**2 + 894*w + 634. What is u(-127)?
-1
Let m(z) = -2*z**3 - 14*z**2 + 5*z - 94. What is m(-8)?
-6
Let y(k) = -3*k**2 + 4*k - 14. Calculate y(3).
-29
Let b(x) = 43*x + 1147. Calculate b(-26).
29
Let k(z) = -5*z**2 - 146*z - 40. Calculate k(-29).
-11
Let v(t) = 2*t**3 - 11*t**2 - 11*t + 80. What is v(5)?
0
Let o(t) = -20*t + 180. Determine o(29).
-400
Let o(a) = a**3 + 20*a**2 + 57*a. Determine o(-16).
112
Let v(j) = -j**3 - 123*j**2 - 483*j - 779. Give 